en i is divided by m/(2/12)*-3.
16
Let s(i) = -i**2 - 10*i - 18. Let v be s(-7). Suppose -3*m = 7*w - 4*w - 336, -5*m = v*w - 342. What is the remainder when w is divided by 37?
35
Suppose 0 = k + 11*k - 744. What is the remainder when k is divided by 33?
29
Suppose 3*w = -0*w + 42. Suppose 22 = 3*x + 31. Calculate the remainder when -87*(-7)/21 - (0 - x) is divided by w.
12
Suppose 2*f + 615 = 7*f. Calculate the remainder when f is divided by 34/2 + 12/3.
18
Suppose 0 = -4*d + 31 + 9. Suppose 5*h - 15 = -0*o + o, 3 = 5*o + h. Suppose o = -c - c + d. What is the remainder when 19 is divided by c?
4
Calculate the remainder when 338 is divided by (10/5)/2 - (-3 + -64).
66
Let w(o) = o**2 - 9*o - 7. Suppose 0 = 4*j + 4*q + 4, 0 = j + 5*q + 21. Suppose -2*c + j + 16 = 0. What is the remainder when 7 is divided by w(c)?
1
Let k(q) = -q**2 - 5*q - 1. Let f be k(-4). Suppose -f*j = -37 - 8. Calculate the remainder when 89 is divided by j.
14
Suppose -q - 4 = -2*q. Calculate the remainder when 20 is divided by (-39)/(-3) - q - -2.
9
Let c(j) = -6*j**2 + 2*j + 3. Let z be c(-2). Let b = -44 - z. Let q = b + 42. Calculate the remainder when q is divided by 13.
10
Let k(x) = -4*x**2 + 78*x + 34. What is the remainder when 717 is divided by k(19)?
69
Let n(z) = 3*z + 6. Let t be n(-6). Let v = -17 - t. Let o = v - -23. What is the remainder when 53 is divided by o?
17
Suppose 0 = -3*r + 6. Suppose -5*y + r*y = -3*b, 0 = -2*y - b + 9. Calculate the remainder when 16 is divided by y.
1
Let b(d) = -2*d**3 + d**2 + 5*d - 3. Let m be b(2). Calculate the remainder when 50 is divided by ((-13)/m)/(-3*1/(-15)).
11
Let j = 17 + -15. Let r = j + -109. What is the remainder when (-3)/(-18) - r/6 is divided by 10?
8
Let m = 44 - 192. Let k = m - -255. Let q = k + -52. What is the remainder when q is divided by 14?
13
Calculate the remainder when (7/(42/(-2130)))/(-1) is divided by 118.
1
Let d(j) = 78*j**2 + 51*j - 50. What is the remainder when 155 is divided by d(1)?
76
Let y(f) = f**3 - 4*f**2 - f - 7. Let w be y(5). Suppose -33 - w = -2*h. What is the remainder when (-45 + 0)*6/(-3) is divided by h?
21
Suppose 2*t - 4*t = -32. Let x(i) = 20*i - 177. What is the remainder when x(12) is divided by t?
15
Suppose 4*r + 2*n + 64 = 6*r, r - 36 = -n. Let s = r - 25. Let a = 13 - s. Calculate the remainder when 11 is divided by a.
3
Let i(h) = 47*h - 161. Suppose -2*w + 0*w = -3*c - 15, 0 = -w + 3*c. Calculate the remainder when i(5) is divided by w.
14
Let y = 62 - 64. Calculate the remainder when 164 is divided by -3 - (-49 + (-8)/y).
38
Let g(d) = -d**3 + 6*d**2 + 2*d + 6. Suppose 4*a - 8*a + 48 = 0. Suppose a = 3*t - t. Calculate the remainder when g(t) is divided by 7.
4
Let q(t) = -4 - 7*t - 3*t**3 - 3*t**3 - 3*t**3 - 2*t**3 - 4*t**2. What is the remainder when q(-2) is divided by 28?
26
Suppose 0 = -5*z - 5*u + 15, 2*z + 3*u - 4*u - 9 = 0. Suppose 6*n - 4*n - z = 0. What is the remainder when 7 is divided by n?
1
Suppose 3*i - 3*x = 120, 11*i - 10*i - 30 = -x. Calculate the remainder when i is divided by 10/1*(-3 + 5).
15
Let k(i) = 13*i - 17. Let x be k(7). Let v = x + 87. Suppose -26 = 3*m - v. Calculate the remainder when m is divided by 12.
9
Let l(k) = k**2 - 12*k + 11. Let b be l(11). Suppose -o + 2 + 1 = b. Suppose u = -o*u + 112. Calculate the remainder when 111 is divided by u.
27
Let y = -309 - -357. What is the remainder when y is divided by 14?
6
Let m be (0 + (-3 - -3))/1. Let l(y) = y + 16. What is the remainder when 63 is divided by l(m)?
15
Calculate the remainder when ((-1)/((-5)/755))/1 is divided by 51.
49
Suppose 5*q - 3 - 2 = 0, -3*q - 120 = -3*f. Suppose 2*t - 1 = 5*h - 13, 3*t - 2*h = -7. Calculate the remainder when f is divided by t/6 + (-670)/(-60).
8
Let j(f) = 24*f**2 + 56*f. Calculate the remainder when j(-4) is divided by 56.
48
Suppose 5*j = 14 + 1. Suppose 14*x - 12*x - 3*l = 0, -5*l + 25 = 5*x. Calculate the remainder when x is divided by j.
0
Let o(g) = 23*g - 437. What is the remainder when 413 is divided by o(20)?
22
Suppose 0 = 5*d - 30, -4*d = 8*v - 5*v - 138. Let b(h) = 11*h**2 - 2*h + 1. What is the remainder when v is divided by b(1)?
8
Suppose 3*f = -0*o - 4*o - 79, 2*o = -4*f - 102. Let t = -15 - f. Calculate the remainder when 27 is divided by t.
7
Suppose -3*j + 0 = 3, -x - 4*j - 4 = 0. Suppose x = 4*l - 24*l + 1200. Calculate the remainder when l is divided by 8.
4
Suppose 3*l - 2*m - 26 = 0, 2*m + 0 + 32 = 4*l. Let u be 1*(-7)/2*26. Let o = 130 + u. Calculate the remainder when o is divided by l.
3
Let p(g) = -13*g + 21. Let d(f) = -3*f + 5. Let u(t) = 9*d(t) - 2*p(t). What is the remainder when u(-7) is divided by 4?
2
Let h(q) = 39*q**2 + 2*q + 1. Let t be 36/(-4 - -6) + 2. Let l = -7 + t. Calculate the remainder when h(-1) is divided by l.
12
What is the remainder when (-3 + 305/20)*(-1 + 21) is divided by 19?
17
Let n(c) be the second derivative of c**4/4 + 5*c**3/3 + 4*c**2 + 2*c. Let f be n(-9). Let w = 252 - f. Calculate the remainder when w is divided by 23.
22
Let j(i) = i**3 + 3*i**2 - 10*i + 9. Let z be j(-5). Let f = 14 + 20. Suppose -v = 2*a - f, -5*a + 11 = -z. Calculate the remainder when v is divided by 7.
5
Suppose -7*a + 2*a + 285 = 0. Let g = -51 + a. Calculate the remainder when 2/6 + 29/3 is divided by g.
4
Suppose 4*u + 2*q - 14 = 18, -4*q + 8 = 0. What is the remainder when 213 is divided by u?
3
Suppose -2*i + 14 - 2 = -3*f, 16 = -4*f + 4*i. Let r = f - -9. Suppose -l = -r*l + 68. What is the remainder when 49 is divided by l?
15
Let g be 1 + 2 + 4/4. Suppose 22 + 16 = g*b - 5*v, -4*v - 40 = -4*b. Calculate the remainder when b is divided by 3.
0
Let x = -7 + 12. Let b = 65 + -56. What is the remainder when b is divided by x?
4
Suppose 0 = 7*i + i - 16. Suppose 19 = 3*t - 4*u, u - 3 = i. Calculate the remainder when t is divided by 5 - (0/2 - -1).
1
Let n = 262 - 240. What is the remainder when 415 is divided by n?
19
Let g be ((-3)/(-2))/(12/80). Let a be (-135)/(-25) - 4/g. What is the remainder when 3 is divided by (1/a)/((-5)/(-25))?
0
Let f(o) = 2*o - 3. Let v be f(3). Suppose 9 - 93 = -v*z. Let c = 197 + -182. Calculate the remainder when z is divided by c.
13
Suppose -4*g = 3*i - 38, -4*g = i - 2*g - 10. Calculate the remainder when 42 is divided by i.
6
Let r = -21 - -47. Let s = 67 + -30. Let x = s - r. Calculate the remainder when 20 is divided by x.
9
Let b = -96 + 88. What is the remainder when 5*-1 - 648/b is divided by 27?
22
Suppose 0 = 2*q - 27 + 5. Suppose -4*z + 137 = 3*j, -5*z + 5*j - 6*j + 163 = 0. Calculate the remainder when z is divided by q.
10
Suppose -3*g = -2*w + 51, -w + 0*g + 23 = -g. What is the remainder when 50 is divided by w?
14
Let t(i) = 3*i + 1. Suppose -213 = 3*k + 5*a, -41 - 101 = 2*k - 5*a. Let n = 73 + k. What is the remainder when t(1) is divided by n?
0
Let g = -1366 + 1424. Calculate the remainder when 289 is divided by g.
57
Let o(h) be the second derivative of 1/3*h**3 - 1/2*h**2 + 1/6*h**4 + 0 - 3*h. What is the remainder when o(3) is divided by 12?
11
Let u = -27 + -38. What is the remainder when (-13)/u - 148/(-10) is divided by 4?
3
Suppose -5*q + 3*t + 285 = 6*t, -4*t = -2*q + 140. Suppose -5*h + 650 = q. Suppose 4*x = 86 + h. Calculate the remainder when x is divided by 18.
15
What is the remainder when (-6 - 3/9)/1*-33 is divided by 35?
34
Suppose 0 = -21*b + 49*b - 336. Let y(q) = -q**2 - q + 35. Calculate the remainder when y(0) is divided by b.
11
Let t = 860 + -777. Calculate the remainder when 402 is divided by t.
70
Let t(m) = -2*m**3 - 8*m**2 - 8*m - 3. Calculate the remainder when t(-6) is divided by 48.
45
Let l = 246 + -143. Suppose 15*m + l = 16*m. What is the remainder when m is divided by 26?
25
Suppose -4*o - 173 = -r - 0*o, 4*o + 12 = 0. Let m = -89 + r. What is the remainder when m is divided by 37?
35
What is the remainder when 77 is divided by (7*2/(-4))/((-61)/366)?
14
What is the remainder when 1*30/(-5) + (-62)/(-1) is divided by 8?
0
Suppose 30 = 7*z - 565. Calculate the remainder when z is divided by 10.
5
Suppose 4*q - 187 = 73. Suppose 3*j - 66 = 5*t, -t + 4*t = -3*j + 42. Calculate the remainder when q is divided by j.
14
Let b(c) = 2*c - 16. Suppose -m + 2*m = 21. Calculate the remainder when 127 is divided by 